is the tens digit of 2601?
0
What is the tens digit of 1164?
6
What is the tens digit of 9464?
6
What is the ten thousands digit of 37442?
3
What is the units digit of 3050?
0
What is the hundreds digit of 1038?
0
What is the units digit of 5416?
6
What is the units digit of 17794?
4
What is the hundreds digit of 1961?
9
What is the tens digit of 52286?
8
What is the units digit of 1629?
9
What is the units digit of 568?
8
What is the units digit of 799?
9
What is the hundreds digit of 561?
5
What is the thousands digit of 1852?
1
What is the units digit of 7755?
5
What is the units digit of 6430?
0
What is the ten thousands digit of 47059?
4
What is the hundreds digit of 5031?
0
What is the units digit of 3973?
3
What is the hundreds digit of 152?
1
What is the units digit of 157819?
9
What is the thousands digit of 3889?
3
What is the hundreds digit of 3655?
6
What is the units digit of 99371?
1
What is the units digit of 1890?
0
What is the thousands digit of 10015?
0
What is the hundreds digit of 39486?
4
What is the tens digit of 110251?
5
What is the hundreds digit of 8916?
9
What is the ten thousands digit of 42250?
4
What is the units digit of 1531?
1
What is the hundreds digit of 11791?
7
What is the units digit of 1896?
6
What is the hundreds digit of 22210?
2
What is the units digit of 27559?
9
What is the units digit of 5901?
1
What is the hundreds digit of 16386?
3
What is the units digit of 930?
0
What is the hundreds digit of 1043?
0
What is the units digit of 22785?
5
What is the hundreds digit of 1470?
4
What is the thousands digit of 25950?
5
What is the tens digit of 7169?
6
What is the hundreds digit of 962?
9
What is the ten thousands digit of 47392?
4
What is the hundreds digit of 3948?
9
What is the units digit of 6133?
3
What is the units digit of 5541?
1
What is the units digit of 2997?
7
What is the units digit of 676?
6
What is the ten thousands digit of 14965?
1
What is the tens digit of 42083?
8
What is the hundreds digit of 31910?
9
What is the ten thousands digit of 15437?
1
What is the hundreds digit of 21356?
3
What is the ten thousands digit of 62381?
6
What is the tens digit of 1723?
2
What is the tens digit of 3035?
3
What is the hundreds digit of 2342?
3
What is the ten thousands digit of 15686?
1
What is the units digit of 16095?
5
What is the tens digit of 4622?
2
What is the units digit of 12535?
5
What is the units digit of 3377?
7
What is the ten thousands digit of 42202?
4
What is the tens digit of 22742?
4
What is the units digit of 12538?
8
What is the units digit of 101064?
4
What is the tens digit of 2980?
8
What is the hundreds digit of 22086?
0
What is the units digit of 90350?
0
What is the thousands digit of 105436?
5
What is the units digit of 620?
0
What is the tens digit of 20161?
6
What is the units digit of 39233?
3
What is the tens digit of 4058?
5
What is the hundreds digit of 55895?
8
What is the tens digit of 190?
9
What is the tens digit of 1647?
4
What is the hundreds digit of 846?
8
What is the units digit of 4070?
0
What is the tens digit of 46623?
2
What is the units digit of 27260?
0
What is the thousands digit of 9833?
9
What is the tens digit of 270?
7
What is the tens digit of 8367?
6
What is the hundreds digit of 3321?
3
What is the hundreds digit of 230?
2
What is the tens digit of 5139?
3
What is the hundreds digit of 640?
6
What is the tens digit of 15989?
8
What is the ten thousands digit of 12275?
1
What is the units digit of 29674?
4
What is the thousands digit of 2514?
2
What is the units digit of 10723?
3
What is the hundreds digit of 1756?
7
What is the hundreds digit of 23703?
7
What is the thousands digit of 1263?
1
What is the units digit of 570?
0
What is the thousands digit of 2795?
2
What is the thousands digit of 31225?
1
What is the hundreds digit of 906?
9
What is the hundreds digit of 764?
7
What is the units digit of 21089?
9
What is the hundreds digit of 59809?
8
What is the units digit of 433?
3
What is the ten thousands digit of 31786?
3
What is the units digit of 72517?
7
What is the hundreds digit of 8679?
6
What is the tens digit of 19884?
8
What is the thousands digit of 14405?
4
What is the tens digit of 972?
7
What is the tens digit of 1514?
1
What is the thousands digit of 2004?
2
What is the ten thousands digit of 11334?
1
What is the hundred thousands digit of 156812?
1
What is the tens digit of 104?
0
What is the units digit of 4481?
1
What is the hundreds digit of 43744?
7
What is the units digit of 950?
0
What is the units digit of 134?
4
What is the thousands digit of 9073?
9
What is the units digit of 50238?
8
What is the tens digit of 201?
0
What is the tens digit of 4801?
0
What is the tens digit of 60641?
4
What is the hundreds digit of 530?
5
What is the thousands digit of 114686?
4
What is the hundreds digit of 169?
1
What is the units digit of 10880?
0
What is the ten thousands digit of 16730?
1
What is the hundreds digit of 1213?
2
What is the thousands digit of 5814?
5
What is the ten thousands digit of 48043?
4
What is the hundreds digit of 73051?
0
What is the tens digit of 3631?
3
What is the hundreds digit of 6849?
8
What is the units digit of 862?
2
What is the hundreds digit of 1310?
3
What is the ten thousands digit of 29505?
2
What is the tens digit of 3106?
0
What is the thousands digit of 3139?
3
What is the tens digit of 2540?
4
What is the hundreds digit of 39606?
6
What is the units digit of 178449?
9
What is the ten thousands digit of 39839?
3
What is the units digit of 814?
4
What is the hundreds digit of 1996?
9
What is the units digit of 935?
5
What is the tens digit of 123?
2
What is the tens digit of 808?
0
What is the thousands digit of 28183?
8
What is the thousands digit of 1966?
1
What is the tens digit of 6248?
4
What is the hundreds digit of 62505?
5
What is the units digit of 7367?
7
What is the units digit of 20688?
8
What is the tens digit of 22803?
0
What is the hundreds digit of 106638?
6
What is the hundreds digit of 171?
1
What is the tens digit of 2267?
6
What is the hundreds digit of 1882?
8
What is the ten thousands digit of 38110?
3
What is the hundreds digit of 9981?
9
What is the ten thousands digit of 13918?
1
What is the thousands digit of 15609?
5
What is the thousands digit of 11498?
1
What is the thousands digit of 112795?
2
What is the thousands digit of 1565?
1
What is the ten thousands digit of 26952?
2
What is the units digit of 5274?
4
What is the units digit of 1420?
0
What is the thousands digit of 1395?
1
What is the thousands digit of 19170?
9
What is the units digit of 28394?
4
What is the tens digit of 4666?
6
What is the units digit of 28256?
6
What is the ten thousands digit of 10225?
1
What is the tens digit of 157725?
2
What is the hundreds digit of 31785?
7
What is the tens digit of 93?
9
What is the hundreds digit of 788?
7
What is the units digit of 7766?
6
What is the ten thousands digit of 15159?
1
What is the thousands digit of 1822?
1
What is the hundreds digit of 1858?
8
What is the hundreds digit of 63721?
7
What is the thousands digit of 2832?
2
What is the hundreds digit of 1341?
3
What is the tens digit of 2802?
0
What is the hundreds digit of 8063?
0
What is the hundreds digit of 3714?
7
What is the units digit of 12988?
8
What is the thousands digit of 10261?
0
What is the units digit of 3746?
6
What is the units digit of 12819?
9
What is the thousands digit of 20154?
0
What is the units digit of 176836?
6
What is the tens digit of 32801?
0
What is the ten thousands digit of 29329?
2
What is the units digit of 1519?
9
What is the ten thousands digit of 91468?
9
What is the hundreds digit of 486?
4
What is the units digit of 2490?
0
What is the tens digit of 39915?
1
What is the hundreds digit of 13704?
7
What is the thousands digit of 89989?
9
What is the tens digit of 880?
8
What is the units digit of 4140?
0
What is the hundreds digit of 6934?
9
What is the ten thousands digit of 18353?
1
What is the tens digit of 1568?
6
What is the hundreds digit of 20735?
7
What is the units digit of 2829?
9
What is the thousands digit of 3106?
3
What is the tens digit of 28299?
9
What is the hundreds digit of 9238?
2
What is the tens digit of 5343?
4
What is the hun